 - 11. Let z be q(11). Let g be 82 + z + 9/3. Suppose -g = -n - 4*n. What are the prime factors of n?
17
Let l be -2*(-3)/4*2. Suppose 5*c + 58 = l*h, -4*c + 0 = 2*h - 24. Suppose -92 = -2*s - h. What are the prime factors of s?
2, 19
Suppose -4*n + 15181 = h, 44*h + 10 = 46*h. List the prime factors of n.
2, 7, 271
Suppose -173835 + 15090 = -95*s. What are the prime factors of s?
3, 557
Suppose 5*w = z - 0 - 100, -4*z = 3*w - 331. Let p be -4 + 0 + 3 + z. Suppose 0*m - p = -3*m. What are the prime factors of m?
2, 7
Suppose -3*q = q + 4*c - 864, 1080 = 5*q + c. Suppose 0 = -12*k + 3*k + q. List the prime factors of k.
2, 3
Suppose -8*v + 936 = -10*v. List the prime factors of 1/(-2) - v/24.
19
Let k(d) = 12*d + 99. List the prime factors of k(11).
3, 7, 11
Let u = -490 + 791. List the prime factors of u.
7, 43
Suppose 502*i - 513*i = -20966. What are the prime factors of i?
2, 953
Let f(t) = -t + 18. Suppose 4 = 15*q - 16*q. Let b = 11 + q. List the prime factors of f(b).
11
Suppose 3*p = 12*p - 45. Suppose 5*x - h = x + 269, 5*x - 325 = p*h. What are the prime factors of x?
2, 17
Suppose 23*o - 9365 = 7586. What are the prime factors of o?
11, 67
Let c(j) = 8*j + 32. Let b be c(8). Let z = b + -14. What are the prime factors of z?
2, 41
Suppose v + v = 68. Let q = -3 - 3. Let n = v + q. List the prime factors of n.
2, 7
Suppose 3*a + d - 60 = 4*d, 0 = -4*a + 5*d + 81. Suppose 3*f = 2*s - a + 3, -5*s - 2*f = -59. List the prime factors of (-2)/11 - (-200)/s.
2, 3
Let f = 8 + -8. Suppose -182 = -4*j + 4*k + 46, j + 3*k - 57 = f. List the prime factors of j.
3, 19
Let l = -914 + 1784. What are the prime factors of l?
2, 3, 5, 29
Suppose -24*u - 8960 = -55520. List the prime factors of u.
2, 5, 97
Let b be 8 + (0 - (1 + 2)). Suppose b*d - 2*d + 4*m = -14, -d + m + 7 = 0. Suppose -3*h + 20 = p, 4*p - 5*h - 155 = -d*h. List the prime factors of p.
5, 7
Let s be 3/(-12) - (-1)/4. Let b(m) = 2*m - 48. Let k(a) = a - 32. Let p(v) = 5*b(v) - 8*k(v). What are the prime factors of p(s)?
2
Let d be 14/35 - (-318)/5. Let m be -1 - -8 - d/16. Suppose 117 = m*f + 3*v, -2*f = -3*f - 4*v + 24. What are the prime factors of f?
2, 11
Let j = 99 - -40. Let h = 210 - j. What are the prime factors of h?
71
Let m(k) be the first derivative of k**4/4 - 14*k**3/3 + 11*k**2/2 + 9*k + 5. Let j be m(13). Let z = 20 + j. List the prime factors of z.
3
Let i = 2598 + 1905. What are the prime factors of i?
3, 19, 79
Let b(g) = -g**2 - g - 1. Let d be b(0). Let m(y) = y**2 + 7*y - 12. Let s(h) = h. Let i(q) = d*m(q) + 6*s(q). List the prime factors of i(0).
2, 3
Suppose -3*n = -2*n - 3. Let a be (2/(-5))/(n/(-15)). Suppose 0 = k + 5, a*k = -4*w + 7*k + 93. What are the prime factors of w?
17
Let t = -1186 + 2175. List the prime factors of t.
23, 43
Let t = -21 + 25. Let w(c) = -c + 2*c - t + 17*c. List the prime factors of w(2).
2
Let k be (228 - -1) + 4/2. Suppose 117*j + 18 = 120*j. List the prime factors of k/6 + 3/j.
3, 13
Let k = 10126 + -6611. What are the prime factors of k?
5, 19, 37
Suppose 20*g = 18*g + 106. List the prime factors of g.
53
Suppose 0 = 51*c - 52*c + 237. What are the prime factors of c?
3, 79
Suppose t - 2*d - 1729 = 0, 6964 = 4*t - 7*d + 11*d. What are the prime factors of t?
3, 193
Suppose -4*a + 10680 = -5*c, 9*a + 4*c + 5340 = 11*a. List the prime factors of a.
2, 3, 5, 89
Let i be (2/(-8))/(11/(-220)). Suppose 5*m = f + 299, 0 = -i*m - 4*f + 8*f + 311. List the prime factors of m.
59
Suppose 2*m + 97 = 5*u, -4*m = u - 13 - 2. Let p = 148 - u. What are the prime factors of p?
3, 43
Suppose 4*a - 38 = 6. List the prime factors of a.
11
Suppose -2*j - 2*j + 328 = 0. What are the prime factors of (j*(-5)/(-8))/(4/16)?
5, 41
Let x be 914/18 - (-24)/108. Let i = 123 - x. List the prime factors of i.
2, 3
Let m(z) = 3*z**3 - 16*z**2 - 20*z - 6. Let w(a) = -2*a**3 + 17*a**2 + 19*a + 5. Let h(b) = 3*m(b) + 4*w(b). List the prime factors of h(-19).
59
Suppose 5*x = 4*x + 5. Suppose 0 = -x*n + 13 - 3. What are the prime factors of 18 - (-1)/(n + -3)?
17
Let i be 1 + -2 + 154 - 0. Suppose 0 = 7*m - i - 316. What are the prime factors of m?
67
Suppose 0*u + 10*u - 2870 = 0. List the prime factors of u.
7, 41
Let f = -7 - -3. Let h = f - -8. Suppose -5*r = -2*u + 12 - h, 4*u + 2*r = 64. What are the prime factors of u?
2, 7
Suppose -12*u + 2*u = 0. Let m be (8 - -1)*4/12. Suppose m*t + 0*t - 90 = u. What are the prime factors of t?
2, 3, 5
Let y = -1713 - -3225. What are the prime factors of y?
2, 3, 7
Let k(r) = -3*r - 2*r**3 + 31 - 12*r**2 + r**2 - 4 + r**3. List the prime factors of k(-12).
3, 23
Suppose -27*v + 16054 = -3116. List the prime factors of v.
2, 5, 71
Let u = -1047 + 2299. What are the prime factors of u?
2, 313
Suppose -2*h + 208 = i - 3*h, i - 3*h = 214. What are the prime factors of i?
5, 41
Let l(v) = 26*v**3 + 14*v**2 - 7*v - 7. List the prime factors of l(4).
17, 109
Let z(d) = -d + 1. Let s be z(0). Let y = 65 + -62. List the prime factors of (87/(0 + y))/s.
29
Suppose 3*t - 9 = -3*x, 1 = -2*t + 3*x + 2. Suppose -t*c - 142 = -302. List the prime factors of c.
2, 5
Suppose -t + 3150 = 5*t. What are the prime factors of t?
3, 5, 7
What are the prime factors of -13 + 31 + -8 + 791?
3, 89
List the prime factors of (8/(-10))/(16/(-42560)).
2, 7, 19
Suppose 16*w - 20790 = -11*w. What are the prime factors of w?
2, 5, 7, 11
Let k be 3292/44 + (-2)/(-11). List the prime factors of 5220/k - 2/(-5).
2, 5, 7
Let x = -1973 - -2920. What are the prime factors of x?
947
Suppose m - 5 + 3 = 0. Let p(w) = 8*w**2 + w. List the prime factors of p(m).
2, 17
Suppose 5*w + 2 = -3. Let f be (w - (-50)/35)*7. Suppose -2*a + 3*h = -52, 0*a - 78 = -f*a - 3*h. List the prime factors of a.
2, 13
Suppose -20380 = -117*p + 107*p. What are the prime factors of p?
2, 1019
Suppose -3*y = 7*y - 390. Suppose y*w - 44*w + 620 = 0. What are the prime factors of w?
2, 31
Suppose 2*n = 5*v + 7*n - 50, 2*n - 32 = -4*v. Let k be ((-36)/(-10))/(6/15). What are the prime factors of (56/6)/(v/k)?
2, 7
Suppose r = 4*o + 1, o + 3*r = -2 + 18. Suppose 730 = 5*d - 5*m, 0 = -d - 5*m - o + 141. List the prime factors of d.
5, 29
Let f(y) = -4*y + 8 + 0*y + y. List the prime factors of f(-4).
2, 5
Let n = -1 - 0. Let g(i) = -22*i + 1 + 5*i - i. List the prime factors of g(n).
19
Let p be 14/4 - (-12)/8. Suppose p*i - i = 244. What are the prime factors of i?
61
List the prime factors of ((108/8)/9)/(2/652).
3, 163
Suppose 83 = 2*y + 19. Let m = 71 - y. Suppose -4*o - m + 147 = 0. List the prime factors of o.
3
Let k be ((-9)/3)/3 + 3 + -2. Suppose -10 = 7*a - 2*a, k = -2*v + 3*a + 64. List the prime factors of v.
29
Let w be (2 - (7 + -3))/1. Let y(r) = -4*r**2 + 1. Let b be y(w). What are the prime factors of (-261)/b + (-4)/10?
17
List the prime factors of -19*(-4 + (612 + 4)/(-4)).
2, 19, 79
Suppose 2*h + 641 = 3*n, -3*h + 51 + 359 = 2*n. Let w = n + -150. List the prime factors of w.
61
Let b(k) = 6*k - 10. Let r be b(12). Suppose 0 = 5*c - 317 + r. What are the prime factors of c?
3, 17
What are the prime factors of (-1240 + (-6)/(-3))/((-4)/2)?
619
Let b(p) be the third derivative of 37*p**6/120 + p**5/60 - p**4/24 - 5*p**2. Let n be b(1). Suppose 15 = -v + n. What are the prime factors of v?
2, 11
Let g be (4/(-12)*0)/(-2). Let z be ((-2)/(-3))/(4/78). Suppose g = -4*i + z + 47. List the prime factors of i.
3, 5
Let z(d) = -11*d - 39. Let u be z(-5). List the prime factors of 10*38*u/40 - -4.
2, 3, 13
List the prime factors of ((-5)/(-7) - 1) + 183222/406.
11, 41
Suppose -65*m + 70*m - 3890 = 0. List the prime factors of m.
2, 389
Suppose 14*q - 15*q + 52 = 0. What are the prime factors of q?
2, 13
Let i(z) = z**3 - z - 1. Let r(g) = 2*g**3 + 7*g**2 + 22*g - 25. Let h(a) = 3*i(a) - r(a). List the prime factors of h(10).
2, 3
Suppose 0 = f + w - 7, 5*w - 3 = 2*f + 18. Suppose -i - f*i = 0. Suppose i*g + 4*g - 208 = 0. What are the prime factors of g?
2, 13
Let u(o) = o**3 - 10*o**2 + o - 7. Let y be u(10). Suppose r = -3*m + 671, -y*m - 3*r + 623 = -40. List the prime factors of m.
3, 5
Let y = 275 - 150. List the prime factors of y.
5
Let r = -2867 - -4911. What are the prime factors of r?
2, 7, 73
Suppose 92 = 2*t + 66. Let z(n) = 2*n**2 - 13*n + 15. List the prime facto